2 - 2*k + 5. Let x be j(-4). Calculate i(x).
-1
Let h(w) = -4*w**3 + w**2 + 6*w + 1. Let m(z) be the first derivative of -3*z**4/4 + z**3/3 + 5*z**2/2 + 2*z - 1. Let c(q) = 4*h(q) - 5*m(q). Determine c(0).
-6
Let s(l) = -4 + 1 - l - l. Determine s(4).
-11
Let i be 2*(2 + (0 - 1)). Let h(q) be the first derivative of -q**4/2 + q**3 - q**2 - q + 2. Give h(i).
-9
Let b(n) be the second derivative of n**4/12 + n**3/6 - 2*n**2 + 4*n. Calculate b(-4).
8
Let j(q) = q**2 - 5*q + 4. Suppose 3 = -2*c + 7. Suppose -s - c = -7. Give j(s).
4
Suppose -8*i = -2*i. Let w(d) be the first derivative of i*d - 1 + 0*d**2 + 1/3*d**3. What is w(1)?
1
Let z be 2 - (4 - (2 + -6)). Let h(o) = o - 6. Give h(z).
-12
Let t(d) = -d**2 + 10*d - 7. Let c(b) = -b**3 + 5*b**2 - 2*b + 2. Let m be c(4). Give t(m).
-7
Suppose -2*h + d = -7, 8*d - 3*d - 7 = -4*h. Let n(y) = -9*y**3 - 2*y**2 - y**2 + 6*y + 8*y**h + 2. What is n(-4)?
-6
Suppose -c + 1 = 0, -2*c = 2*x + 3*c - 71. Suppose 130 = -4*i + o, -i - 4*o = x + 8. Let j be 92/22 - (-6)/i. Let r(q) = -q**2 + 4*q + 3. What is r(j)?
3
Let r(f) = 4*f + 1. Let l be r(-1). Let u = 17 - 17. Let s(w) = -1 - w + 2*w + u + w**2. Calculate s(l).
5
Let l(s) = s + 3. Let t = -13 + 18. Suppose 38 = -t*m + 3*k + k, k = 2. Calculate l(m).
-3
Let c(o) = o**2 - 6*o + 5. Suppose l - 1 = -y, -y + 0 = 4. Suppose -5*p = -l*u - 40, 6*p = 4*p + u + 12. What is c(p)?
-3
Let q = 4 - 1. Suppose -f - 6 = -q*f. Let g(w) = 2*w**3 + 0*w**3 - f*w**3 + w**2. What is g(0)?
0
Let i(g) be the second derivative of -g**4/12 - g**3/2 + g**2/2 + 2*g - 14. Let l(k) = k - 5. Let w be l(6). Let z be (-2 + w - 2)*1. Calculate i(z).
1
Suppose -2*y = -2*i - 12, 0*i = 2*i + y. Let j = 1 + 2. Let c(t) = 4*t**2 + 2*t**3 - t + j*t - 3*t**2 - t**3. What is c(i)?
-8
Suppose -8 - 1 = -3*z. Suppose -4*c - z = 5*u + 6, 1 = -c - u. Let n(j) = 5*j**3 - 4*j - 4*j**2 - 4*j**3 + 6 + j. Give n(c).
-6
Let d(n) = -2*n**2 + 5*n + 1. Let t be d(3). Let f(o) = o**3 + 4*o**2 + 2*o. Calculate f(t).
4
Let h(b) be the third derivative of -1/6*b**3 + 3*b**2 + 0*b**4 - 1/15*b**5 + 0 + 0*b. Determine h(-1).
-5
Let p(c) = -2*c**3 - c**2 - c. Let r = 17 + -18. Give p(r).
2
Let q(g) = 2*g**2 + 1 - 4 + 6 - g**3. Determine q(3).
-6
Let c be (12/(-15))/(1/(-5)). Suppose h + 12 = 4*h. Let p(f) = h - f**2 - 4 + 4*f - 5. Determine p(c).
-5
Let j(n) = 2 - 3*n + 7*n**2 + n**2 - 2*n - 2*n - n**3. Determine j(7).
2
Let q(s) = -3 + 22*s**2 - 14*s**2 + 4*s - 7*s**2. Suppose -5*p - 46 = -16. Determine q(p).
9
Let z(c) = 3*c**2 - c - 2. Let t(y) = -2*y**2 - 14*y - 2. Let s be t(-7). Calculate z(s).
12
Let x(q) = 20*q - q**3 - 11*q - 6*q - 4*q + 6*q**2. Calculate x(6).
-6
Let w(x) = 4*x - 7 - x**2 + 2 + 4. What is w(4)?
-1
Let c(o) = -3*o**3 - o. Let t be c(1). Let u(v) = 2*v**2 + 4*v - 2. What is u(t)?
14
Let s(w) = w**3 - 5*w**2 + 5*w - 6. Let g(r) = -r**2 + 3*r - 2. Let h be g(2). Suppose h*v = 2*v - 8. Give s(v).
-2
Let w(u) be the first derivative of u**2 - 6*u - 1. Let x be (-6 + 1)*(2 - 3). Calculate w(x).
4
Suppose -5*v + 17 = 3*y, 0 = -2*v + 7*v - y - 21. Let t(p) = -2*p**2 + 6*p - 3. Determine t(v).
-11
Suppose -2*j = -3*j - 2. Let m(v) be the first derivative of -1/2*v**2 - v + 4. Determine m(j).
1
Let s(m) = -m**3 - 5*m**2 - 4*m + 3. Let j be s(-4). Let t(b) = 3*b**3 - b**j + 5 - 8*b**2 - 9*b - b**3. Let c be t(9). Let u(i) = i**2 - 8*i + 6. What is u(c)?
-9
Let b(p) be the first derivative of -p**4/4 - 4*p**3/3 - p**2 + 2*p - 1. Let n(g) = -2*g**2 + 6*g - 1. Let v be n(4). Let k = v + 7. What is b(k)?
-2
Let u(x) be the first derivative of x**2/2 + 10*x + 1. Let c be u(-12). Let l(g) = -g**3 - g**2 + g + 2. Calculate l(c).
4
Let r(g) be the second derivative of g**4/12 + 4*g**3/3 + 2*g**2 - 126*g + 1. Let k be (10/(-4))/((-1)/(-2)). What is r(k)?
-11
Let h(x) = -x. Let z(j) = j**2 + 10*j + 7. Let m(u) = 5*h(u) + z(u). Calculate m(-5).
7
Let f(r) be the third derivative of -r**6/120 - r**5/60 + r**4/12 - r**3/2 + 46*r**2. Calculate f(-3).
9
Let b = -26 - -25. Let c(w) = 3*w - 1. Determine c(b).
-4
Let b = 7 - 1. Let r = -9 + b. Let k = r - -4. Let n(c) = 7*c**2 - 2*c + 1. What is n(k)?
6
Let a(b) = 4*b + 5. Let p(l) = -13*l - 14. Let o(d) = 17*a(d) + 6*p(d). Calculate o(1).
-9
Let t(y) = y**2 - 7*y + 4. Let k = 25 + -20. Give t(k).
-6
Let b(p) = -126 + 133 - 4*p + 2*p**3 - 2*p**2 - 3*p**3 - 4*p**2. Determine b(-5).
2
Suppose -5*a = -2*a. Suppose -2*d - 2 - 2 = a. Let c(t) = -3*t + 2. What is c(d)?
8
Let b = 6 + -10. Let i be 4/(-12) + b/6. Let u(j) = -7*j**2 + j + 1. Calculate u(i).
-7
Let h be (-14)/(-21)*(-23 - 1). Let p = h - -11. Let f(k) = -k**3 - 4*k**2 + 8*k + 6. Calculate f(p).
-9
Let t(y) = -y**3 + 2*y**2 + y + 1. Let d(n) = -n**3 - 10*n**2 - 11*n - 15. Let f be d(-9). What is t(f)?
-5
Suppose 0 = -3*h - 13 + 34. Let y(t) = t**2 - 5*t - 9. What is y(h)?
5
Let b(s) = s**2 + 9*s + 3. Let a(l) = 5*l**2 + 37*l + 13. Let o(k) = -2*a(k) + 9*b(k). What is o(7)?
1
Let y(m) be the second derivative of -m**5/20 + 5*m**4/12 - 5*m**3/6 + 3*m**2/2 + 32*m. Calculate y(4).
-1
Let q(b) = b + 4. Let n(w) = 3*w + 15. Let i(h) = 6*n(h) - 22*q(h). What is i(2)?
-6
Let s(u) = -u + 8. Suppose -3*k = -7*k + 16. Suppose -a = -6*a + 5*l - 5, -2*l = -5*a - 2. Suppose -k = -f - a*f. Give s(f).
4
Let v(n) = -2*n + 2. Let q(r) = r - 3. Let s(z) = 3*q(z) + 2*v(z). Let a be 2/5 - (-4)/(-10). What is s(a)?
-5
Suppose -k - m = 2*m + 1, -2*k + 5*m = 2. Let l be (k/(-3))/((-4)/(-12)). Let y(q) be the second derivative of -q**4/6 - q**2/2 - q. Calculate y(l).
-3
Let r(o) = o**2 + 7*o + 6. Let b be 4/2 + -3 - 17. Let z = -24 - b. Give r(z).
0
Let m(n) = 2*n + 3. Let s be m(-2). Let p(q) = 3*q - 1 - 4 + 4 + 0. Give p(s).
-4
Let p(b) = b**3 + b**2 - b + 1. Let o(n) = -4*n**3 + 6*n**2 + 14*n - 10. Let w(m) = o(m) + 5*p(m). Determine w(-10).
5
Let i(d) be the first derivative of d**4/4 - 8*d**3/3 + 9*d**2/2 - 8*d + 1. Give i(7).
6
Let x(p) = -p - 2. Let g be -1 + 6 + -3 + -4. Let s be 1 + (-3 - g)/1. Give x(s).
-2
Let k(h) = 4*h + 2*h + 2 - 4*h - 3*h. Let u(l) = l**3 + l. Let p be u(1). Suppose 0 = -p*g - 0*g + 4. Give k(g).
0
Let s = 9 - 4. Suppose -2*w - 3*w = -4*i - 4, -s*w + 24 = i. Let g(x) be the second derivative of -x**3/2 + 3*x**2 - x. Determine g(i).
-6
Let a = -116 + 117. Let t(y) = -y**3 + y**2 - 1. Give t(a).
-1
Let w(j) be the third derivative of -j**9/60480 + j**8/10080 - j**7/1680 - j**5/30 - 4*j**2. Let s(r) be the third derivative of w(r). Give s(2).
-6
Let t(d) be the second derivative of 2*d**3/3 - 5*d**2/2 + 7*d. Let w(q) = -9*q + 11. Let s(h) = -7*t(h) - 3*w(h). What is s(-4)?
6
Suppose 2*y + 6 = -5*h, y = 6*y + 15. Let p(c) be the second derivative of c + 1/10*c**5 - 1/3*c**4 + 1/3*c**3 + 1/2*c**2 + h. What is p(2)?
5
Let z(a) = a**3 + 4*a**2 - a - 2. Suppose 2*n - 4*b = 0, -5*n - 10 - 2 = -4*b. Let p(y) = y. Let f(k) = k + 4. Let u(c) = f(c) + p(c). Let w be u(n). Give z(w).
2
Let y(b) be the first derivative of 2*b**3/3 + b**2/2 - 19. What is y(-3)?
15
Suppose -15 = -l - 5*c, -l - 5*c = 3*l. Let w(n) = 2*n**2 + 8*n + 5. What is w(l)?
15
Let q(x) = 2*x - 3. Let s(k) = k**3 - k**2. Let r be s(2). Calculate q(r).
5
Let o(m) = -m + 14. Let r be o(7). Let d(w) = -2*w + 10. Determine d(r).
-4
Let a(t) = 7*t**3 - t**2 + 1. Let w(y) be the second derivative of -2*y + 7/6*y**3 - 1/12*y**4 + 1/2*y**2 + 0. Let c be w(7). Give a(c).
7
Let c = -72 - -66. Let i(y) = y**2 + 7*y - 4. Give i(c).
-10
Let z(h) be the second derivative of h**5/20 + h**4/4 + 5*h**3/6 + h**2 - 22*h. Determine z(-3).
-13
Let i(s) = 12*s - 2*s**2 - 5*s - 6*s - 6 + s**2. Give i(0).
-6
Let m(g) = g**2 + 6*g. Let r be (-8)/2 + (-6 - (4 - 8)). Calculate m(r).
0
Let o(j) = 4*j + 3*j**2 + j**2 - 18 - 16 + 13. Let n(w) = w**2 + w - 5. Let v(t) = 26*n(t) - 6*o(t). Calculate v(-3).
8
Let p = -1 - 5. Let j(q) = 3*q**2 - 14*q + 14. Let m(w) = -w**2 + 5*w - 5. Let h(s) = p*j(s) - 17*m(s). Determine h(0).
1
Let v(f) = 3*f + 5*f**2 + 8 + 2*f - 6*f**2. Determine v(6).
2
Suppose 9 + 15 = -4*b. Let u(d) = -2*d - 6. Let q(t) = -t - 3. Let p(m) = -m - 11. Let w be p(-8). Let h(k) = w*u(k) + 5*q(k). What is h(b)?
-3
Suppose -i - 6 = 2*s, -4*s - 25 = s. Suppose -1 = i*w - 9. Let r(y) = 3*y + 0*y**2 + 3*y**w + 1 - 5 - 2*y - y**3. What is r(3)?
-1
Let t(b) be the seco